t b0 (base 15) to base 6.
433
-15 (base 12) to base 13
-14
Convert -1 (base 2) to base 6.
-1
-46 (base 7) to base 10
-34
-1 (base 5) to base 6
-1
What is 32 (base 5) in base 4?
101
101 (base 2) to base 5
10
What is -10 (base 12) in base 8?
-14
What is -53 (base 7) in base 3?
-1102
Convert -6 (base 11) to base 16.
-6
What is -2 (base 5) in base 15?
-2
Convert 20 (base 14) to base 12.
24
Convert -b (base 13) to base 12.
-b
Convert 1110 (base 2) to base 4.
32
Convert 302 (base 6) to base 2.
1101110
-1 (base 4) to base 10
-1
What is 18 (base 9) in base 2?
10001
Convert -2 (base 16) to base 11.
-2
What is -4 (base 16) in base 9?
-4
Convert 142 (base 10) to base 11.
11a
What is 3 (base 8) in base 11?
3
Convert 1 (base 7) to base 15.
1
-123 (base 11) to base 6
-402
Convert 0 (base 10) to base 2.
0
-2 (base 11) to base 5
-2
3 (base 14) to base 6
3
Convert -8 (base 15) to base 13.
-8
Convert 10 (base 2) to base 8.
2
Convert -1 (base 13) to base 11.
-1
Convert 28 (base 9) to base 13.
20
What is 111 (base 3) in base 5?
23
Convert 4c (base 13) to base 5.
224
What is -53 (base 15) in base 12?
-66
Convert -34 (base 6) to base 2.
-10110
What is -100 (base 8) in base 4?
-1000
Convert -49 (base 12) to base 10.
-57
Convert -9c (base 16) to base 13.
-c0
Convert -34 (base 5) to base 16.
-13
Convert -5 (base 7) to base 3.
-12
5 (base 12) to base 16
5
What is 3 (base 12) in base 13?
3
What is -24 (base 6) in base 15?
-11
What is -33 (base 7) in base 6?
-40
What is 7 (base 10) in base 15?
7
302 (base 5) to base 15
52
-6 (base 10) to base 5
-11
Convert 0 (base 9) to base 11.
0
41 (base 5) to base 11
1a
What is -33 (base 9) in base 4?
-132
Convert -103 (base 5) to base 14.
-20
Convert -11 (base 13) to base 4.
-32
Convert -11 (base 4) to base 3.
-12
-58 (base 10) to base 15
-3d
What is 18 (base 12) in base 8?
24
What is -3 (base 16) in base 3?
-10
5 (base 10) to base 4
11
What is -187 (base 14) in base 3?
-102200
Convert 23 (base 10) to base 16.
17
Convert 2a (base 11) to base 15.
22
Convert -21 (base 4) to base 14.
-9
What is 100 (base 5) in base 3?
221
2a (base 12) to base 3
1021
What is -66 (base 8) in base 6?
-130
14 (base 12) to base 5
31
Convert -12201 (base 3) to base 16.
-9a
What is -28 (base 9) in base 7?
-35
-8 (base 12) to base 10
-8
What is 4 (base 12) in base 7?
4
What is -8 (base 9) in base 2?
-1000
Convert -5a (base 11) to base 12.
-55
Convert -11 (base 14) to base 5.
-30
Convert -1d (base 15) to base 16.
-1c
What is 3 (base 12) in base 11?
3
12 (base 11) to base 12
11
-33 (base 9) to base 7
-42
What is 6 (base 10) in base 8?
6
Convert -160 (base 8) to base 11.
-a2
What is -4b (base 13) in base 10?
-63
What is -3 (base 9) in base 3?
-10
Convert -3 (base 4) to base 11.
-3
Convert d9 (base 14) to base 2.
10111111
What is 55 (base 8) in base 12?
39
11 (base 12) to base 14
d
57 (base 14) to base 10
77
What is -6 (base 15) in base 7?
-6
-4 (base 6) to base 15
-4
11 (base 2) to base 8
3
Convert 255 (base 6) to base 16.
6b
What is 16 (base 10) in base 8?
20
Convert -54 (base 15) to base 13.
-61
Convert 302 (base 5) to base 12.
65
What is 0 (base 13) in base 6?
0
Convert -313 (base 7) to base 2.
-10011101
1 (base 16) to base 12
1
-14 (base 14) to base 3
-200
What is e (base 15) in base 16?
e
What is -2 (base 13) in base 7?
-2
Convert 1b (base 15) to base 5.
101
Convert -8 (base 16) to base 15.
-8
What is -10 (base 10) in base 15?
-a
What is 1224 (base 5) in base 6?
513
-1 (base 14) to base 4
-1
22220 (base 3) to base 15
110
Convert -101100 (base 2) to base 4.
-230
220 (base 3) to base 9
26
3 (base 15) to base 8
3
11 (base 2) to base 6
3
-2 (base 8) to base 11
-2
Convert 5 (base 10) to base 3.
12
-1120 (base 4) to base 3
-10021
-2 (base 8) to base 10
-2
Convert 2 (base 5) to base 16.
2
11 (base 4) to base 11
5
1000011 (base 2) to base 5
232
Convert -65 (base 15) to base 7.
-164
Convert 21 (base 8) to base 10.
17
What is -8 (base 15) in base 12?
-8
What is -1b1 (base 13) in base 2?
-100111001
Convert -5d (base 16) to base 15.
-63
Convert 160 (base 7) to base 16.
5b
-223 (base 4) to base 16
-2b
Convert -1d (base 16) to base 6.
-45
Convert 2 (base 12) to base 4.
2
Convert 8 (base 15) to base 16.
8
What is 25 (base 8) in base 11?
1a
-2 (base 7) to base 16
-2
Convert 4 (base 5) to base 14.
4
2324 (base 5) to base 6
1323
42 (base 10) to base 6
110
11 (base 8) to base 9
10
What is -7 (base 12) in base 11?
-7
1105 (base 6) to base 2
100000001
What is -13a (base 16) in base 5?
-2224
-4 (base 6) to base 5
-4
11 (base 6) to base 5
12
Convert -2 (base 16) to base 12.
-2
Convert -132 (base 4) to base 13.
-24
What is -25 (base 6) in base 15?
-12
Convert 3 (base 4) to base 5.
3
-164 (base 9) to base 10
-139
Convert 12 (base 6) to base 2.
1000
1 (base 6) to base 4
1
-111 (base 4) to base 9
-23
What is 44 (base 15) in base 12?
54
Convert 2 (base 11) to base 16.
2
Convert -101 (base 2) to base 7.
-5
10 (base 7) to base 13
7
What is -16 (base 14) in base 11?
-19
What is -9 (base 13) in base 7?
-12
-130 (base 4) to base 12
-24
-122 (base 5) to base 10
-37
What is 22 (base 5) in base 12?
10
5 (base 16) to base 5
10
-10100011 (base 2) to base 8
-243
What is -2a (base 14) in base 12?
-32
Convert -100 (base 2) to base 14.
-4
Convert -51 (base 11) to base 8.
-70
-3 (base 9) to base 2
-11
Convert -21111 (base 3) to base 5.
-1302
What is -82 (base 9) in base 4?
-1022
What is -78 (base 14) in base 7?
-211
Convert -8 (base 14) to base 2.
-1000
Convert 10 (base 5) to base 3.
12
40 (base 5) to base 9
22
Convert -202 (base 5) to base 7.
-103
161 (base 8) to base 14
81
Convert -1b (base 14) to base 13.
-1c
What is -11 (base 3) in base 2?
-100
Convert 1 (base 7) to base 13.
1
What is -6 (base 11) in base 10?
-6
Convert -205 (base 8) to base 9.
-157
Convert 1322 (base 4) to base 12.
a2
What is 4 (base 11) in base 13?
4
What is -55 (base 10) in base 13?
-43
What is -3 (base 8) in base 3?
-10
What is a (base 12) in base 15?
a
What is 113 (base 4) in base 6?
35
-1001 (base 4) to base 2
-1000001
What is -220 (base 3) in base 14?
-1a
What is -1010100 (base 2) in base 10?
-84
Convert 0 (base 13) to base 3.
0
-4 (base 12) to base 11
-4
What is -61 (base 9) in base 12?
-47
What is 36 (base 9) in base 3?
1020
What is 34 (base 5) in base 3?
201
-8 (base 12) to base 14
-8
-1 (base 9) to base 2
-1
3 (base 4) to base 8
3
Convert 211 (base 3) to base 12.
1a
What is 15 (base 6) in base 5?
21
What is 165 (base 8) in base 9?
140
What is 31 (base 8) in base 5?
100
-11 (base 11) to base 7
-15
-39 (base 15) to base 10
-54
What is 1 (base 3) in base 7?
1
1c (base 14) to base 5
101
Convert -1 (base 5) to base 9.
-1
Convert -2 (base 3) to base 15.
-2
5 (base 15) to base 3
12
3 (base 11) to base 15
3
Convert -13 (base 15) to base 8.
-22
What is -18 (base 11) in base 7?
-25
What is 21000 (base 3) in base 5?
1224
Convert -2 (base 16) to base 2.
-10
-8 (base 12) to base 4
-20
b (base 16) to base 3
102
Convert -1 (base 12) to base 5.
-1
Convert -14 (base 11) to base 14.
-11
What is 41 (base 14) in base 2?
111001
Convert 22 (base 6) to base 12.
12
Convert -3 (base 5) to base 7.
-3
What is 16 (base 9) in base 6?
23
Convert 11 (base 2) to base 5.
3
Convert 14 (base 5) to base 16.
9
Convert -19 (base 13) to base 2.
-10110
Convert 5 (base 11) to base 7.
5
10122 (base 3) to base 2
1100010
Convert 0 (base 8) to base 14.
0
5 (base 12) to base 11
5
-27 (base 9) to base 5
-100
Convert 1 (base 4) to base 16.
1
3 (base 13) to base 16
3
What is 13 (base 5) in base 10?
8
Convert 0 (base 11) to base 15.
0
cc (base 15) to base 14
da
What is -31 (base 7) in base 6?
-34
What is -210 (base 13) in base 14?
-1b1
25 (base 7) to base 12
17
What is b (base 16) in base 9?
12
-1001 (base 2) to base 13
-9
What is 146 (base 8) in base 5?
402
What is -345 (base 6) in base 10?
-137
What is 114 (base 6) in base 11?
42
What is -64 (base 11) in base 16?
-46
Convert 2313 (base 4) to base 9.
223
What is -2002 (base 4) in base 15?
-8a
-212 (base 3) to base 6
-35
2 (base 7) to base 11
2
What is -8 (base 9) in base 16?
-8
Convert 1 (base 15) to base 8.
1
What is 4 (base 11) in base 10?
4
4 (base 16) to base 10
4
100 (base 2) to base 5
4
What is -245 (base 6) in base 13?
-7a
-25 (base 6) to base 12
-15
71 (base 9) to base 5
224
Convert -1 (base 11) to base 1